 k(c) = -3*c**2 + 5*c - 4. Suppose -9 = -2*b - 3*l, -12 = -5*b + 8*l - 5*l. Let j(i) = i**3 - 4*i**2 + 4*i - 1. Let x be j(b). Determine k(x).
-6
Suppose 0 = 2*t + 1 - 9. Let a(i) = -7*i - 5*i + 11*i + 8. Let n be a(t). Let o(c) = -c + 7. Give o(n).
3
Let f(n) = -3*n**2 + 4*n - 2. Let j(s) = -s**2 - s + 1. Let c = 1 + 2. Let x be 30/27 + 1/(-9). Let p(g) = c*j(g) + x*f(g). Give p(-1).
-6
Let m(l) be the first derivative of 2*l**2 + 41*l + 37 - 113*l + 35*l + 36*l. Determine m(9).
35
Let d(h) = 8*h**3 - h + 1. Let z(l) = -41*l**3 - 4*l**2 + 16*l + 18. Let n(x) = -5*d(x) - z(x). Give n(-5).
7
Let y be (-10)/(-1)*((-203)/(-14) - 5). Suppose -26*j = 329 - y. Let p(n) = 2*n + 11. Give p(j).
-7
Let y(c) = 8*c - 6. Let g be y(1). Suppose g*o - 3 = 3*o. Let j(s) = -s**2 - s + 1. Determine j(o).
-5
Let n(v) = 7*v**3 - 10*v**3 - 11 + 4*v**3 - 2*v + 8*v**2 - 4*v**2. Let l be n(-3). Let u(j) = -2*j**2 + 6*j - 4. Calculate u(l).
-12
Let f(m) be the third derivative of m**4/24 - m**3/3 - 3*m**2 - 19. Suppose -62 = 5*u + 53. Let b = 13 + u. Calculate f(b).
-12
Let n(x) be the first derivative of x**2/2 - x + 41. Let g = 56 + -54. Calculate n(g).
1
Let u = -17 + 20. Let v = 118 + -115. Let h(s) = 232*s + 3 - s**3 - 3*s**2 - 233*s + 2*s**v. Calculate h(u).
0
Let d(y) = -y**3 + 18*y**2 + 33*y - 4. Let t be d(-2). Let u(n) = -4*n - 6. Determine u(t).
-46
Let x(u) = 94 + 34*u - 52508*u**2 - 52510*u**2 + 105019*u**2. Give x(-31).
1
Let x(p) be the first derivative of 1/2*p**2 - 155 + 7*p. Determine x(-6).
1
Suppose 4 = o - 4. Let p be o/6*(-12)/(-16). Let l(x) = x**2 + x + 1. Let m(a) = -3*a**2 + 2*a + 2. Let v(n) = p*m(n) + 4*l(n). Give v(-5).
1
Let a(s) = -9*s**2 - 2. Let h = 9625 + -9626. Calculate a(h).
-11
Let v = -232 + 232. Let c(r) = -1. Let o(u) = u**3 + 3*u**2 + 2*u + 5. Let p be o(-3). Let q(g) = g**2 - g - 4. Let i(k) = p*q(k) - 4*c(k). What is i(v)?
8
Let f(w) = -w**3 - 6*w**2 + 8. Let u be f(-6). Let r(c) = -1136 - 8*c + 1129 + 23*c. Let y(o) = 19*o - 8. Let l(n) = 5*r(n) - 4*y(n). Give l(u).
-11
Let o be 5 + (32/(-6))/8*-87. Let d(m) = -m**3 - 62 - m**3 - o + 183 + 3*m**2 - 59. What is d(2)?
-5
Let q(d) = -16*d - 159. Suppose -3*h + 3*g - 39 = 0, 618*h + 2*g = 621*h + 36. Calculate q(h).
1
Let g(l) be the first derivative of -5*l**3/3 + 3*l**2/2 + l - 10226. Give g(-1).
-7
Let v(m) = -22*m. Let q(k) = 40*k - 1. Let j(o) = -2*q(o) - 3*v(o). Determine j(-3).
44
Let b(l) = 15*l + 3. Let t(x) = 11*x**2 + 5*x + 1. Let f be t(-1). Suppose -14*a - 14 = -f*a. Give b(a).
-27
Let d(n) = -3*n - 2*n - 23 + 3*n + 17. Let i(x) = x**3 - 4*x**2 - 5. Let z = -10 + 14. Let b be i(z). Determine d(b).
4
Suppose 0 = -o - 2*h + 15, 5*o - 3*h = -8*h + 40. Let m(a) = 18*a**3 + a**2 - 3*a + 2. What is m(o)?
18
Let w(o) = o + 10. Let t be w(-8). Let p(k) = 358*k + 363*k - 734*k. Calculate p(t).
-26
Let w = 2763 + -2754. Let c(x) = -x**2 + 11*x - 9. Calculate c(w).
9
Let t(c) = -286*c + 174. Let f(z) = 49*z - 29. Let a(h) = 35*f(h) + 6*t(h). Determine a(17).
12
Let o = 12516 - 12513. Let x(u) = u**3 - 4*u**2 + 10. Determine x(o).
1
Let i = -20 - -164. Suppose -i*k + 24 = -138*k. Let c(m) = m**2 - m - 8. Determine c(k).
4
Let y be (0/2*6/(-18))/(-1). Let c(b) = 5*b + y*b - b - 5*b - 20. Let i be c(-20). Let o(z) = -z - 5. Calculate o(i).
-5
Let t(k) = 19*k**2 - 7. Let f(p) = 93 + 97 - 16*p**2 - 183. Let c(w) = -6*f(w) - 5*t(w). Give c(3).
2
Let c(r) be the third derivative of -r**5/60 + r**4/3 - 5*r**3/3 + 2*r**2. Let f = -1090 + 1098. Determine c(f).
-10
Let h be 5 + (-4 - -5 - -2). Let g(m) = 46*m - 20*m**2 - 47*m + h + 21*m**2. Suppose -4*a - 4*n = -12, 6 = 3*n - n. What is g(a)?
8
Let n(i) = i**2 - 5*i + 5. Let q(d) = -d**2 - 392*d + 2383. Let t be q(6). Calculate n(t).
55
Suppose 0 = 114*d - 109*d + 15 - 0. Let k(u) = u**3 + u - 3. Give k(d).
-33
Let d(m) = -80 - 79 + 161 - 7*m. Suppose -f + 1 + 9 = 0. Suppose i = -s - 4 + 6, 5*s - i = f. Determine d(s).
-12
Suppose 0*w = 3*w + 3, 2*d = w + 421. Let s(i) = -106*i - 105*i + d*i - 27*i**2. Determine s(-1).
-26
Let f(a) = -67*a + 15. Let z(c) = 60*c - 13. Let o(i) = 8*f(i) + 9*z(i). Suppose -l + 6*l = -10. Give o(l).
-5
Let l(p) be the third derivative of -p**5/15 + 31*p**4/12 + 35*p**3/6 - 511*p**2. What is l(16)?
3
Let q(f) be the second derivative of f**4/6 + 23*f**3/3 - 357*f**2/2 - 412*f + 1. Give q(-29).
-9
Let k(f) = 2*f**3 + f**2 - f + 2. Let s(p) = -11*p**3 + 2*p**2 + 14*p - 20. Let j(v) = -6*k(v) - s(v). Calculate j(-8).
72
Let p(k) = -6*k + 31. Suppose -1366 = -6*y - 346. Suppose -11*o + y = 104. Calculate p(o).
-5
Let g(x) = 6*x - 13. Suppose 0 = 5*l + 2*y + 2*y + 55, -l = 5*y + 32. Let b(u) = 2*u - 4. Let o(z) = l*b(z) + 2*g(z). Let t be 20/120*(0 - -12). Give o(t).
-2
Let r(f) be the second derivative of -f**4/12 + 19*f**3/6 - 46*f**2 + 6327*f. Calculate r(11).
-4
Let c(b) be the first derivative of b**4/4 + 14*b**3/3 + 18*b**2 + 32*b + 2835. What is c(-11)?
-1
Let n(d) be the first derivative of d**2/2 - 7*d - 450. Let p(f) = -f**3 + 6*f**2 + 8*f + 5. Let w be p(7). What is n(w)?
5
Suppose -4*s = 5*t - 71, 3*t - t = 5*s + 35. Suppose -2*k - t = -2*o - o, -o + 5 = -5*k. Let m(d) = k - 4 + 0 + d**2 - d. Determine m(4).
8
Let f = -2 + 1. Let r(n) be the first derivative of -13*n**3/3 - n**2/2 + 6951. Give r(f).
-12
Let m(h) = h**2 - 5*h - 7. Suppose 3*y = 6*y. Let p be (-51)/(-3) + 56/(-4). Suppose y = p*f - 5*r - 3, -2*f - 3*r = -11 - 10. What is m(f)?
-1
Let k = 6 - 0. Suppose k*s = s + 15. Let g(j) = -4*j - 7*j + 3 - 3 + 13*j. Give g(s).
6
Let o(l) be the second derivative of l**5/20 + l**4 - 7*l**3/3 - 6*l**2 - 1776*l + 2. Let c(b) = -12*b**2 + 2*b + 1. Let v be c(-1). Determine o(v).
1
Let q(b) = -5*b**2 + 10*b - 52. Let d(p) = 3*p**2 - 9*p + 36. Let t(j) = -4*d(j) - 3*q(j). Calculate t(-2).
12
Let m(y) = -y**3 - 3*y + 3. Let i(j) = j + 1. Let z(g) = 4*g + 30. Let b(n) = 2*i(n) + z(n). Let o be -5*(-1)/6 - 1610/276. Let a be b(o). Give m(a).
-11
Let y(w) = -13*w - 1. Let g = -176 - -170. Let v(z) = 4*z + 1. Let o(f) = g*v(f) - 2*y(f). What is o(3)?
2
Let g(p) = -p**3 + 12*p**2 + 15*p - 16. Let a = -164 - -165. Let j be ((3 - 0)*a)/(36/156). Calculate g(j).
10
Let x(q) = -305*q**2 - 36*q - 68. Let f(h) = 559*h**2 + 70*h + 135. Let b(c) = 6*f(c) + 11*x(c). Calculate b(26).
10
Let w(q) = 4*q - 25. Suppose 22*v - 23*v = 31. Let y be v/(-6) + (-15)/90. Determine w(y).
-5
Let g(r) = -4*r**2 - 11*r + 5. Suppose 3*b - 17*l + 32*l = 39, -5*l = -10. Give g(b).
-64
Let c(r) = 106 + 264*r - 87*r - r**2 - 92*r - 87*r. What is c(9)?
7
Let y(x) = 15*x - 50. Let s(c) = 12*c - 24. Let l(b) = -b. Let v(u) = -5*l(u) - s(u). Let j(h) = 13*v(h) + 6*y(h). Give j(5).
7
Let t be (-4)/(-6) + ((-420)/36 - -5). Suppose -9*p + 28 = -5*p. Let n(b) = -8*b - 4*b + 3*b + 6*b - p*b**2 - b**3. Give n(t).
-18
Let t = 504 - 500. Suppose 0 = -t*o - 28*h + 32*h, -3*h + 15 = 2*o. Let y(g) = -g - 7. Calculate y(o).
-10
Let y(x) = 32*x + 136. Let n = -7385 + 7381. Determine y(n).
8
Let z(r) = r**3 - 4*r - 3. Suppose -5*c = -7*c - 5*c. Let p be ((-1 - c) + -2)/(30/20). Calculate z(p).
-3
Suppose 2*u + 4*c - 49 + 19 = 0, 4*c = -3*u + 43. Let g(h) = 5*h - 71. Give g(u).
-6
Let s(k) = -6720*k**2 + 2242*k**2 + 2*k - 2 + 2252*k**2 + 2225*k**2. Let r be -4*(-2 + 1) - 0. Calculate s(r).
-10
Let u be (10/(-15))/(6/(-27)). Suppose 0 = a - 5*y + 34, -24 = u*a + y - 2. Let w(x) = -x - 14. What is w(a)?
-5
Let w(q) = -q - 47. Let g(i) be the first derivative of -i**2/2 - 41*i + 158. Let x(d) = 6*g(d) - 5*w(d). What is x(0)?
-11
Let v(c) = c**3 + 3*c**2 + c - 3. Suppose -2*n + 19 = -3*p, -2*p + 6*p = 4*n - 32. Let j be 147/p + (-2 - -2). Let q = j + 46. Give v(q).
-6
Suppose -2*g = 5*o - 57, 6*o - 4*o + g - 23 = 0. Let i(r) = 7*r - 39. What is i(o)?
38
Let h = 7013 - 7007. Let u(t) = t**3 - 7*t**2 + 11*t - 24. Give u(h).
6
Let q(u) = 219*u + 1015. Let c(a) = -327*a - 1522. Let t(b) = 5*c(b) + 7*q(b). Determine t(-5).
5
Let o(f) = -14*f**3 + f**2 - 1. Suppose 20 = 4*v + 4*u, -165*v + 3*u - 21 = -162*v. Calculate o(v).
14
Let l(v) be the first derivative of -2*v + 258 + 1/3*v**3 + 9/2*v**2. Give l(-5).
-22
Let r(w) be the second derivative of w**5/20 - w**4/12 + w**3/2 - 5*w**2/2 - 77*w. Let o be r(2). Let v(n) = 0*n - n**2 - 4 + 8 + 4*n. Give v(o).
-1
Let g(